. What is the tens digit of g?
8
Let i(t) = 27*t**2 + 3*t - 4. Suppose 0 = 6*u - 0*u - 270. Let j = 43 - u. What is the units digit of i(j)?
8
Let a(z) = z - 3. Let v be (15/(-10) - 0)*-4. Let r be a(v). Suppose 779 = 3*m + u, -m + r*m + 4*u - 526 = 0. What is the tens digit of m?
5
Let w be (-2)/(-9) - 166/18. Let i(j) = -2*j**2 + 8*j + 154. Let q be i(11). What is the tens digit of 37 - -2*(w/6 - q)?
3
What is the units digit of (-78)/(-2964) + 225870/76?
2
Let z be (-5)/(-2)*(-3 - 135/(-25)). What is the hundreds digit of z/(-14) - (-1 + 10505/(-77))?
1
Let r(h) = 2*h + 2*h**3 - 823 + 854 - 8*h**3. What is the tens digit of r(-6)?
1
Let j(r) = -35*r**3 - 9*r**2 - 16*r - 26. What is the tens digit of j(-6)?
0
Let q(y) = 53*y - 11. Let r be q(3). Let v = r - 0. Let c = -68 + v. What is the units digit of c?
0
Let m = -31 - -63. Suppose m*r - 1350 = -13*r. What is the units digit of r?
0
Let d = 6 + 14. Suppose 2*j - 3*c = -c + 20, 4*c + d = 0. What is the units digit of (-20)/50 + 257/j?
1
Let v = 66 - 64. Let l(r) = -r + 6. Let t be l(v). Suppose -t*w + 399 + 333 = 0. What is the tens digit of w?
8
Let p be -9*-3*88/(-36). Let f be (-1523)/(-2) + 1 - p/44. Suppose 0 = -5*c + 2*b + f + 428, 4*b = -2*c + 496. What is the hundreds digit of c?
2
Let o = 125 - 126. Let a be 3 + (9/(-2 + o) - -3697). Suppose -18*f + a = 601. What is the hundreds digit of f?
1
Suppose -4*g + 3*l + 27961 = 7711, -5*g = -5*l - 25310. What is the tens digit of g?
6
Let d = 45 + -31. Suppose -5*t + 69 = -q - 67, -2*t + 3*q = -44. Let a = d + t. What is the units digit of a?
2
Let p(x) = 63 - 5*x - 80 + 13*x. Let y be p(3). Suppose -y*r + 1090 = -177. What is the units digit of r?
1
Let q = 1856 - 487. What is the hundreds digit of q?
3
Let s be -4 + 17 + -3 + -2. What is the tens digit of (1/((-20)/584))/(s/(-20))?
7
Suppose 10746 - 6006 = 12*q. Suppose 4*l + 16 = 204. Suppose 13*v - l = q. What is the tens digit of v?
3
Suppose 20*z - 109627 = 740187 + 547966. What is the units digit of z?
9
Let f(r) = -2*r**3 + 33*r**2 - 15*r - 39. Let t be f(16). Let c(v) = 2*v**2 + 22*v + 57. What is the units digit of c(t)?
9
Suppose 5*f + 5*u - 314100 = 0, 0 = -2*f - 5*u + 119252 + 6373. What is the tens digit of f?
2
Let n(f) = 8*f - 78. Let z = 226 - 200. What is the tens digit of n(z)?
3
Let k = -37413 + 52504. What is the hundreds digit of k?
0
What is the units digit of (-21 - -48166)/(9 + -4)?
9
Let v(w) = 3*w**3 + 5*w**2 + 6*w - 35. Let l = -286 + 293. What is the thousands digit of v(l)?
1
Suppose -5*b - l = -26261 - 112462, 2*b + 5*l - 55503 = 0. Suppose 22*c = -10*c + b. What is the units digit of c?
7
Let a(l) = -2*l - 24. Let b be a(-10). Let r be -2*b*(-3 - -4). Suppose -4*w + 340 = -3*z, 4*z + r = 24. What is the units digit of w?
8
Suppose -1351 = -9*p + 485. Suppose -202*u = -p*u + 1676. What is the tens digit of u?
3
Let o(p) = -2*p**2 - 3*p + 5. Let b be o(-3). Let l(v) = -111*v + 8. Let z be l(b). Suppose 4*j - 349 = -5*d, 5*j + 2*d = d + z. What is the tens digit of j?
9
Suppose -8*g - 7 = -23. Suppose -12 = -3*w, -3*u + 2070 = -w - g*w. What is the units digit of u?
4
Suppose 0 = -66*a + 90*a - 186072. What is the tens digit of a?
5
Let q(h) be the third derivative of 3*h**4/8 + 427*h**3/6 + 11*h**2 + 3*h. What is the tens digit of q(0)?
2
Let p = 55020 + -29926. What is the hundreds digit of p?
0
Let y(g) = -g**3 - 20*g**2 + 101*g + 17. What is the tens digit of y(-30)?
8
Let t be (-3)/2 - -2 - 551/(-38). Suppose -2024 = 4*i - t*i. What is the tens digit of i?
8
Suppose 2*k = -2*p + 95184, -3506*k + 3509*k + 5*p - 142776 = 0. What is the units digit of k?
2
Let l(x) be the second derivative of -x**5/10 + x**4/4 + x**3 - 9*x**2/2 - 6*x - 1. Let i be l(5). Let b = 262 + i. What is the tens digit of b?
0
Let k be -8*(-14)/12 + (-36)/(-54). Suppose 7*x = k*x + 777. Let z = 10 - x. What is the tens digit of z?
6
Suppose 8*k - 3*k - 148 = -3*c, -61 = -2*k - 3*c. Let y = k + -31. What is the tens digit of 1/(y/5 + (-207)/(-480))?
3
Suppose -13*q = -2438 - 9769. Suppose -4*u + 965 = -q. What is the tens digit of u?
7
Let g be 1/15*5 - (-68)/12. Suppose 0 = -m + 5*r + 330, -g = 4*m + 2*r - 1216. What is the hundreds digit of m?
3
Let m(h) = 9*h - 40. Let u be m(5). Suppose 5*b + 5*y = 10*y + 5020, -3*y - 5012 = -u*b. What is the thousands digit of b?
1
Let t be 34*(-2)/(-2) - -3. Suppose -17 = 4*a - t. What is the units digit of (a/(105/918))/(1/7)?
6
Suppose 99412 - 172409 = -13*z + 197611. What is the hundreds digit of z?
8
Suppose 0 = -5*u - 4*g + 236882, -5*u = 5*g + 67122 - 304012. What is the hundreds digit of u?
3
Suppose -3*u + 4*u = r, r = -2. Let l be 589 + u*4/2. Suppose 0 = 7*v + 32 - l. What is the units digit of v?
9
Let x be 10/15*-3 + 0. Let h be 9/x*(-36)/81. Suppose 2*j - h*c - 106 = -c, 0 = 3*j + 3*c - 150. What is the tens digit of j?
5
Let q(b) = -1697*b - 6049. What is the thousands digit of q(-33)?
9
Suppose 4*d - 610 = -5*b, 4*b - 618 = -4*d + 3*b. Let w = d - 92. Let n = w + -34. What is the tens digit of n?
2
Let n(t) be the first derivative of 49*t**4 - t**2/2 + 2*t + 11. What is the units digit of n(1)?
7
Let i(w) = 48 - 15 - 11 - 17 + 30*w**2 - 38*w. What is the units digit of i(4)?
3
Let r = 62 + 153. Let s = 324 - 417. Let k = r + s. What is the units digit of k?
2
Suppose -3*o = -8*f + 11872, f - 5*o - 1484 = -2*o. What is the units digit of f?
4
Let b(m) = -9*m**2 + 13*m**2 + 5*m - 9 - 5*m**2. Let f be b(4). Let d = 64 - f. What is the units digit of d?
9
Let n be (24/14)/(16/56). Let a be (n - (-120)/(-18))/((-1)/3). Let u(y) = 5*y**3 + 4*y. What is the tens digit of u(a)?
4
Suppose -12*j + 774 = 138. Let r be (-1 - -3 - 1)*j. Let n = r + 17. What is the units digit of n?
0
Let t(o) be the first derivative of 35*o**2 - 324*o + 228. What is the hundreds digit of t(14)?
6
Suppose 3 = -s + 2. Let z be -1 + -2 + s + 9. Suppose 2*o - 4*q = 54, -q - q = -z*o + 119. What is the units digit of o?
3
Suppose 0 = -a - 56*v + 55*v + 24832, a = -9*v + 24816. What is the hundreds digit of a?
8
Suppose 21*g + 8784 = -36303. Let p = g - -3261. What is the tens digit of p?
1
Suppose -7*a = -4*n - 9*a - 236, 236 = -4*n + 5*a. Suppose -z + 35 = -2*z. Let u = z - n. What is the units digit of u?
4
Let t be 1/(-4) - (-2401)/(-28). Let l = -80 - t. Suppose 18 + 0 = l*j. What is the units digit of j?
3
Let y(v) = -v**3 - 6*v**2 - 5*v + 10. Let l be 3 + 3 + -4 + -5 - -13. Suppose -2*x + 5*k - 15 = l, -5*k = -4*x - 35. What is the tens digit of y(x)?
1
Let p(i) = -6*i - 46. Let j be p(-7). Let k be 60/(-8) - j - (-9)/(-6). Let q(y) = -y**3 - 2*y - 8. What is the units digit of q(k)?
7
Suppose 562 = 10*q - 5*f - 6893, 2*q + 2*f = 1476. What is the hundreds digit of q?
7
Let l(y) be the first derivative of -y**3/3 + 17*y**2/2 - 13*y + 837. Let j(v) = -v**2 + 7*v + 4. Let x be j(6). What is the tens digit of l(x)?
5
Suppose r + 54486 = 5*n, -48*n - r = -43*n - 54484. What is the thousands digit of n?
0
Let s(a) = -a**3 - a - 2. Let u be s(3). Let m = 1238 - 1182. Let t = m + u. What is the tens digit of t?
2
Suppose 22 = 2*q - 4*c, 5*c - 7 - 4 = -3*q. Suppose -q*t = -9*t + 4. Suppose -t*p - 3*p = -470. What is the units digit of p?
4
Suppose 156 = 14*q - 2*q. Suppose -9*k + q*k - 176 = 0. What is the units digit of k?
4
Let j(o) = 6*o**2 - 133*o - 262. What is the thousands digit of j(43)?
5
Let h be (-9)/((-28)/(-8) - 2). Let c be ((1 + 4)/(-10))/(1/h). Suppose 0 = -c*d + 2*d + 46. What is the tens digit of d?
4
Let r(y) = 7*y**2 + 7*y + 236. Let z be r(0). Let p = 7 + -4. Suppose z = 4*t - 4*v, 5*t - p*v - 321 = -16. What is the tens digit of t?
6
What is the hundreds digit of -1 - (12/210*42)/((-1)/2615)?
2
Suppose 0 = -54*o + 36*o + 72. Suppose o*y - 7 - 5147 = -2*c, 0 = -3*y - c + 3865. What is the thousands digit of y?
1
Let q = -64 - -15. Let i = q - -56. Suppose -30 = -k + i. What is the units digit of k?
7
Let y = -86 - -93. Suppose -y*s + 0*s + 21 = 0. Suppose b + s*b + 2*j = 854, -5*j - 15 = 0. What is the hundreds digit of b?
2
Suppose 4*i = -t - 12, -3 - 1 = t + 2*i. Suppose w = 4*w + 9, 4*r = -t*w + 1748. What is the hundreds digit of r?
4
What is the thousands digit of ((-3)/(18/40))/((-404)/290274) + 5?
4
Let y = -31 + -22. Let w = 65 + y. 